 -37 + (4 - -20)?
-31
What is (6 - -1) + 1 + -3 + 26 + -28?
3
What is the value of (2 - (-1 + 1)) + (5 + -2 - 10)?
-5
Calculate -9 + (32 - (-16 + 38) - (1 - -1)).
-1
Calculate 1 + 6 - (38 - (-24 - -46)).
-9
(11 + (7 - 10) - 6) + 18
20
Calculate 0 - -8 - (-10 - -10 - -20).
-12
-463 + 462 + -18 + -2
-21
What is (5 - -16) + (-5 - 5)?
11
What is the value of (-1 - 4) + (-6 - (-18 + 5) - 8)?
-6
Evaluate 16 + 0 + (4 + 5 + 2 - 12).
15
19 + (33 + (-14 - 4) - 12)
22
What is the value of 22 + -61 - -34 - (0 - 5)?
0
Calculate -38 + (-9 - -18) + 8.
-21
What is 0 - (-6 + (-3 - -5)) - 4?
0
Calculate -4 + -14 + 9 - -11.
2
6 + -66 + 34 + 33
7
Calculate (-42 - -35) + (4 + -1 - 4).
-8
What is the value of (-2 - (-9 + 5)) + (-2 - (4 + -1))?
-3
Evaluate -4 + 20 - -5 - 31.
-10
Evaluate (7 - 55) + 34 + 11 + 0.
-3
Evaluate (-1 - 11) + (11 - 6) + 20 + -15.
-2
14 + -59 + 49 + -1 + -1
2
Evaluate (12 - (-11 - -11)) + -1 + 10.
21
What is the value of -1 + 6 + (2 - 4) + -2 + 5?
6
What is (5 - -25 - 3) + -15?
12
Calculate (-5 - -1 - -4) + -224 + 208.
-16
What is the value of 22 + -12 + 6 + -4?
12
(107 - 75) + -5 + 6 + -11
22
What is the value of -9 + 4 - -6 - (3 + -7 - -14)?
-9
What is the value of 17 + (23 - 24) + 14?
30
What is 13 - (17 + -13) - 14?
-5
(-1 - -21) + 50 + -63 + -1
6
(-4 + (5 - -3) + -5 - 1) + -7
-9
Calculate 229 + -226 - (0 - (1 + -2) - -3).
-1
Evaluate 7 + (5 - 2 - -4) + 5 + -4.
15
What is (-3 - ((-10 - 3) + 8)) + -18?
-16
What is the value of (-7 - -36) + 82 + -91?
20
Calculate -5 + -5 + -9 + 2 + (16 - 10).
-11
-1 - (16 + -10 + 7 + -6 + 1)
-9
Evaluate -10 + ((-10 - -2) + 47 - 1) + -4.
24
Calculate -39 + (20 - -6) + 5 + -21.
-29
Evaluate (0 - 3) + -5 - -5 - -1 - 0.
-2
Evaluate 2 - -2 - (775 - 754).
-17
(1 - -2) + 0 + (-17 - (-29 - -20))
-5
-22 + (-12 - -16) + 5
-13
Evaluate -13 + (-23 + 4 + 6 - -7).
-19
18 - (36 + 5 + -19)
-4
Evaluate 8 - (7 + -4 + -1) - 9.
-3
Calculate (20 - 0) + (-219 - -207) - 4.
4
Evaluate -184 - -188 - (-1 - 3).
8
Evaluate (-6 - 0) + -28 + -22 + 41 - -7.
-8
What is the value of 5 - (0 + 3) - (1 + -13 - -14)?
0
What is the value of -1 - (8 - 2) - (-4 - -13)?
-16
9 - ((-19 - -41 - 1) + (-7 - 0))
-5
-1 - -10 - (125 + -123)
7
Evaluate 0 - (26 - 26) - 16.
-16
(15 - 5) + (-8 - 23) + 14
-7
What is the value of -19 - 14 - (28 - 60)?
-1
What is the value of (-49 - -56) + (-27 - -3)?
-17
Evaluate 3 - 15 - -2 - (-4 + (-13 - -15)).
-8
Calculate -7 + 25 + (3 - 10) - 10.
1
What is the value of -148 + 152 + -2 + 1 + 0?
3
Evaluate -11 + 3 + (0 + 4 - (-32 - -24)).
4
What is the value of 13 + (13 + -20 - (-1 + (0 - 3)))?
10
What is the value of (71 - 76) + (1 - -6) - (7 + 0)?
-5
-18 + 6 + 12 + -4
-4
Calculate 12 + -7 + 9 + 0 + 10.
24
Calculate (1 - -5) + -5 + 13 + -11 + 0.
3
What is -2 + -5 + 3 + 4?
0
What is -10 + 1 + -2 + (2026 - 2025)?
-10
Evaluate 19 + -23 + 0 - (-18 - 2).
16
(23 - 30) + 0 + -12
-19
What is 0 + (8 - (-12 - -16))?
4
Evaluate -11 + 7 + 0 + (-18 - -25) + -11.
-8
What is 4 - (11 - 4) - (15 - 1 - 4)?
-13
What is 4 - (26 - 19) - (-3 - 0)?
0
Evaluate (45 - (-21 + 0)) + -40.
26
Evaluate (-3 - -2) + (0 - (-4 + 3 - -7)).
-7
(-1 - 14) + 6 + 15 + 2
8
What is the value of -591 + 633 + (1 - 77)?
-34
What is (8 - 5) + -1 - (-12 + 36)?
-22
What is (7 - (-4 - 8 - -12)) + (-1 - 4)?
2
Calculate 23 - 25 - (-15 + 29).
-16
What is the value of 48 + (-13 - (-10 - -11) - -3)?
37
Calculate 0 + -6 - (-29 - -17 - (4 - 3)).
7
What is -16 - (7 + (-2 - 14))?
-7
Calculate (5 + 15 - 9 - 23) + -7.
-19
Calculate 344 - 376 - (-9 - (-2 + 2)).
-23
What is 4 + -1 + -16 + -2 + -5 + 4?
-16
Calculate 2 - (9 - (6 + (-6 - -7))).
0
What is the value of -9 - ((-1 - 13) + 1 - -9)?
-5
Evaluate (-1 - 5) + 3 + (27 - 20).
4
What is -5 - -5 - (2 - -6) - (-3 - -3)?
-8
Evaluate -7 + -2 + 17 + -22.
-14
What is -140 - -157 - (20 + 0) - (-8 - -1)?
4
What is -1 - (-8 - (-5 - -6)) - (4 - 12)?
16
Calculate -5 + -18 + 7 + 17 - (0 - 15).
16
-6 - (2 - 2) - (0 - (-2 - 0))
-8
Calculate (-1 - 1 - -5) + (-3 - -10 - 9).
1
(6 - ((-2 - -14) + -4)) + -2
-4
-266 + 251 + (25 - 0)
10
-43 + 2 - (-149 - -114)
-6
-2 - (1 + (-5 - (-6 + 3)))
-1
What is the value of 1 + -16 + 16 + -14 + 24?
11
What is the value of 2 + 2 + (-2 + (-5 - -4) - 6)?
-5
Calculate 11 - (-208 + 224 - (2 - -1)).
-2
Calculate 9 + (19 - (12 + -9)) - 10.
15
What is the value of (1 - 15) + -63 + 85?
8
Calculate (3 + -9 + 8 - 12) + 34.
24
Evaluate 1 + 34 - (-16 - -58).
-7
Calculate -7 + 16 + (-2 - (3 - 2)).
6
Calculate 0 + -6 + 12 + 5 + -1.
10
Calculate 8 + -1 + (0 - (-7 + 20 + -9)).
3
Calculate 11 + (-7 - (-23 + 25)).
2
Calculate (-9 - (11 - -8) - -15) + -4.
-17
What is -14 + (0 - (-1 - (2 - 3))) - -6?
-8
Calculate 5 + (19 - (18 - (19 + -11))).
14
Calculate (0 - 3 - -4) + 4 + -2.
3
Calculate 8 - (42 + -7 + -7 - 10).
-10
Evaluate 21 - 18 - (9 - 1) - 4.
-9
Evaluate (-8 - (-1 + -20)) + 0.
13
Evaluate -30 + 36 - 8 - (14 + 0).
-16
Calculate (7 - -3) + (8 - (-8 - -10)).
16
(1 - -1) + -1 + (34 + -26 - 29)
-20
What is 2024 + -2043 - (-1 - 14)?
-4
What is (333 - 353) + -4 + (2 - 3)?
-25
Evaluate 341 - 314 - (48 + -2).
-19
What is the value of 128 - 128 - (-1 - -12 - 1)?
-10
What is 21 - (-12 - 10 - -38)?
5
Evaluate 31 - 38 - (-7 + (4 - 3)).
-1
Calculate -35 - -13 - (-70 - -40).
8
-10 + (17 - -2 - 39) + 6
-24
What is 14 + (-4 - 21) + -12?
-23
(48 - 37) + 3 + -26
-12
What is the value of (9 - (1 + 2 - 4)) + 226 + -221?
15
Calculate -3 - (0 - 3 - (15 - (4 + -1))).
12
7 - (26 - (-29 - -63))
15
(107 - 107) + 0 + (-2 - -2 - -6)
6
31 - (3 - 18 - -46)
0
What is the value of (10 + -3 - -2) + 9 - 6?
12
Evaluate -61 + 79 - (9 + (-1 - 1)).
11
What is 18 + 3 + 11 + -15?
17
19 - (9 + -7 + -2)
19
(181 - 191) + 0 + -1
-11
What is the value of 0 + 4 + 0 + (-28 - 17) + 41?
0
What is the value of -4 - -2 - (-9 + 12 + -6)?
1
0 + 9 + (43 - 48) + 2
6
What is -99 + 90 + (-6 + 1 - 1)?
-15
Evaluate (-181 - -177) + (2 + -2 - -12) - 21.
-13
Evaluate (-8 - (5 - 9)) + -1.
-5
What is the value of -17 - (17 - (6 + (4 - 12) - -10))?
-26
-7 - (-3 - (5 - (-2 + (-7 - -7))))
3
What is the value of 2 + (7 + 0 - (-1 - -15))?
-5
Evaluate -9 - (-10 - (2 - 1) - (20 + -24)).
-2
(-411 - -400) + (-2 - 1) + -2
-16
94 - 86 - (9 - 0)
-1
What is -2 - ((-12 - -18) + -6)?
-2
Evaluate (0 - -8) + (2 + -19 - (-19 + 21)).
-11
-2 + 1 + -4 - (-9 - (-7 - -4))
1
Evaluate 0 + 4 - (116 + -124 + 1 + 5).
6
What is the value of 81 + -70 - (5 - -2)?
4
What is the value of 4 - (-2 + -24 + 5)?
25
What is the value of -4 - (((3 - 1) + -1 - -5) + -14)?
4
Calculate 1 + 15 + -89 + 83.
10
Evaluate 5 + -13 + 4 + -3 + (-1 - -20).
12
What is the value of (6 + 6 - 23) + 6 + -4?
-9
What is 171 + -162 + (3 - 2) + 0?
10
Evaluate 31 + -28 + 9 + 0.
12
What is 19 - (-21 + 15) - 0?
25
Calculate -17 + 69 + -19 + -10.
23
Evaluate 1 + 38 - (-3189 + 3230).
-2
Calculate -4 + (23 + -36 - (-3 + -8)).
-6
What is (2 - (-11 + 1 - -2)) + (-3 - -1)?
8
What is the value of -14 - (-2 - -17 - 19)?
-10
Evaluate (-4 + 3 - -7 - (-1 + -19)) + -4.
22
What is (49 - 51) + 0 + (-2 - -1 - 2)?
-5
What is 12 + (-57 + 63 - (1 + 21))?
-4
Calculate (-577 - -578) + (1 - -9) + -1.
10
What is 13 - (16 + (-13 - -17))?
-7
-1 + -1 + 28 + (-32 - -19)
13
Evaluate -8 + 12 + -16 - -17.
5
Calculate 17 - (18 + -20 - -17).
2
What is the value of 5 + 0 + 1 + 288 + -293?
1
Evaluate 28 + -3 - (-118 + 122).
21
What is the value of (5 - -17) + (-19 - -9) - -12?
24
What is (45 - 52) + 1 + -2?
-8
Calculate (168 - 196) + (24 - -1).
-3
What is 0 - 3 - (-8 + 13 - -6)?
-14
Calculate (32 - 2) + 4 + 3 + -19.
18
Calculate -6 + 2 + (3 - 11).
-12
-38 + 25 + 79 - 36
30
What is 2 + (17 - 7) + (-5 - 11 - -4)?
0
(19 + -1 - (-17 + 6)) + -17
12
What is the value of (-1 - -4) + (118 - 109)?
12
Calculate -12 + (-16 - (-13 + 3)) + 26.
8
What is the value of (-35 - -51) + -6 + -1 - 6 - 0?
3
Calculate -11 + 0 + 0 + 0 + -63 + 63.
-11
What is 22 - 1 - (-526 + 543)?
4
Evaluate 1 + (-5 - 5) + 0 + -3.
-12
Evaluate -4 + 1 + 0 + -4 + 3 + 14.
10
What is -40 + 14 + 18 + 20 + 0?
12
Calculate (5 - (-8 - -8 - 0)) + 2 + 0.
7
What is the value of 0 + -14 + (75 - 55 - -26)?
32
What is -14 - 2 - (2 + 12 + -18)?
-12
What is the value of 2 + (-3 - ((9 - 8) + (3 - -2)))?
-7
What is the value of 19 + 4 - (-4 - -6 - -1)?
20
Evaluate (-342 - -347) + (12 - -2).
19
(0 - -3) + 35 + -23 + -2
13
Calculate (-75 - -67)